 the highest common factor of 34 and 1173?
17
What is the greatest common factor of 6 and 267?
3
Calculate the highest common divisor of 8978 and 335.
67
Calculate the greatest common divisor of 592 and 80.
16
What is the highest common divisor of 488 and 40?
8
What is the highest common divisor of 4 and 72?
4
What is the greatest common factor of 19 and 5909?
19
What is the greatest common divisor of 12 and 51648?
12
Calculate the greatest common divisor of 7 and 21.
7
What is the highest common factor of 324 and 84?
12
Calculate the greatest common factor of 5535 and 405.
135
Calculate the highest common divisor of 1189 and 29.
29
Calculate the greatest common factor of 1177 and 321.
107
What is the highest common divisor of 16 and 328?
8
Calculate the highest common factor of 7571 and 67.
67
Calculate the greatest common factor of 33 and 2112.
33
What is the highest common divisor of 128 and 952?
8
Calculate the greatest common divisor of 102 and 646.
34
What is the highest common divisor of 110 and 66?
22
Calculate the highest common divisor of 28 and 448.
28
Calculate the greatest common factor of 120 and 11280.
120
Calculate the greatest common divisor of 40 and 28.
4
What is the highest common factor of 120 and 3390?
30
Calculate the highest common divisor of 150 and 55950.
150
Calculate the greatest common divisor of 2630 and 10.
10
What is the greatest common divisor of 22 and 275?
11
Calculate the greatest common factor of 27 and 855.
9
Calculate the highest common divisor of 345 and 795.
15
Calculate the highest common divisor of 39 and 24.
3
What is the greatest common divisor of 42796 and 104?
52
What is the greatest common factor of 245 and 280?
35
Calculate the greatest common divisor of 6232 and 2132.
164
What is the greatest common divisor of 525 and 105?
105
What is the highest common divisor of 2304 and 936?
72
What is the highest common factor of 92 and 12236?
92
Calculate the greatest common divisor of 85 and 5950.
85
Calculate the greatest common divisor of 426 and 192.
6
Calculate the greatest common factor of 12 and 162.
6
What is the highest common factor of 24145 and 165?
55
What is the greatest common factor of 135 and 2205?
45
Calculate the greatest common factor of 63 and 42.
21
What is the greatest common factor of 817 and 95?
19
What is the greatest common divisor of 16 and 7?
1
Calculate the greatest common factor of 162 and 378.
54
Calculate the highest common factor of 370 and 10.
10
What is the highest common factor of 14496 and 192?
96
Calculate the greatest common factor of 135 and 735.
15
Calculate the greatest common factor of 4596 and 12.
12
What is the highest common divisor of 76 and 26562?
38
What is the greatest common factor of 2009 and 147?
49
What is the highest common factor of 54 and 23004?
54
Calculate the highest common factor of 240 and 270.
30
What is the greatest common divisor of 255 and 4131?
51
Calculate the highest common factor of 200 and 75.
25
What is the greatest common divisor of 161 and 56?
7
What is the greatest common factor of 100 and 850?
50
Calculate the highest common divisor of 7 and 7.
7
Calculate the highest common factor of 24 and 136.
8
Calculate the highest common divisor of 318 and 17702.
106
What is the highest common factor of 12 and 858?
6
What is the greatest common factor of 517 and 11?
11
Calculate the highest common divisor of 5348 and 14.
14
What is the greatest common divisor of 527 and 93?
31
What is the highest common divisor of 62 and 1395?
31
Calculate the highest common factor of 77 and 33.
11
What is the greatest common divisor of 195 and 105?
15
Calculate the highest common divisor of 4 and 44.
4
What is the greatest common divisor of 1243 and 132?
11
Calculate the greatest common factor of 648 and 936.
72
What is the greatest common factor of 584 and 24?
8
What is the greatest common factor of 248 and 620?
124
Calculate the highest common divisor of 387 and 9.
9
Calculate the greatest common divisor of 129 and 3.
3
What is the greatest common factor of 11 and 3223?
11
Calculate the greatest common divisor of 189 and 216.
27
Calculate the highest common factor of 64 and 7872.
64
What is the greatest common factor of 6 and 396?
6
What is the highest common divisor of 56412 and 36?
36
What is the highest common factor of 115 and 4991?
23
Calculate the greatest common divisor of 68505 and 30.
15
Calculate the highest common divisor of 4698 and 58.
58
What is the greatest common factor of 64 and 192?
64
Calculate the highest common factor of 464 and 24.
8
Calculate the greatest common divisor of 2 and 49.
1
What is the greatest common divisor of 62 and 310?
62
Calculate the greatest common divisor of 162 and 27.
27
What is the greatest common divisor of 154 and 14?
14
What is the highest common factor of 148 and 74?
74
Calculate the greatest common factor of 21300 and 600.
300
Calculate the greatest common divisor of 282 and 2.
2
Calculate the greatest common divisor of 646 and 418.
38
What is the highest common factor of 10082 and 994?
142
What is the highest common divisor of 12 and 6192?
12
Calculate the greatest common divisor of 38 and 13661.
19
What is the greatest common divisor of 63 and 504?
63
What is the highest common factor of 978 and 1793?
163
What is the highest common factor of 18 and 30?
6
What is the highest common factor of 17 and 68?
17
Calculate the greatest common divisor of 209 and 95.
19
What is the greatest common divisor of 42 and 56?
14
Calculate the highest common divisor of 87 and 933.
3
What is the highest common divisor of 504 and 7?
7
What is the greatest common divisor of 490 and 40?
10
Calculate the greatest common divisor of 82 and 53546.
82
What is the highest common divisor of 891 and 693?
99
What is the highest common divisor of 1064 and 56?
56
Calculate the highest common divisor of 144 and 81.
9
Calculate the greatest common factor of 72 and 48.
24
Calculate the greatest common factor of 130 and 104.
26
Calculate the highest common factor of 21 and 203.
7
Calculate the highest common divisor of 1575 and 50.
25
What is the greatest common factor of 9984 and 156?
156
What is the highest common factor of 22 and 308?
22
What is the greatest common factor of 14 and 1043?
7
What is the highest common divisor of 625 and 75?
25
What is the greatest common divisor of 368 and 1817?
23
Calculate the greatest common factor of 322 and 23.
23
Calculate the highest common divisor of 138 and 667.
23
What is the highest common divisor of 589 and 279?
31
Calculate the highest common divisor of 7 and 4.
1
Calculate the highest common divisor of 12 and 2312.
4
What is the greatest common factor of 73 and 1168?
73
Calculate the greatest common factor of 18 and 78.
6
What is the highest common divisor of 423 and 27?
9
What is the highest common factor of 539 and 22?
11
Calculate the greatest common divisor of 1946 and 70.
14
Calculate the highest common divisor of 44 and 44.
44
Calculate the highest common divisor of 3339 and 153.
9
Calculate the highest common divisor of 44039 and 47.
47
What is the greatest common factor of 234 and 26?
26
Calculate the highest common divisor of 10 and 17.
1
What is the highest common divisor of 164 and 4?
4
Calculate the highest common factor of 29 and 3770.
29
Calculate the greatest common factor of 99 and 7106.
11
What is the greatest common divisor of 172 and 43?
43
Calculate the greatest common divisor of 48 and 18448.
16
What is the highest common divisor of 90 and 405?
45
Calculate the highest common factor of 114 and 78.
6
What is the highest common divisor of 96 and 1056?
96
Calculate the highest common divisor of 1802 and 136.
34
What is the greatest common divisor of 9006 and 114?
114
Calculate the greatest common factor of 110 and 86790.
110
Calculate the highest common factor of 9944 and 11.
11
Calculate the highest common divisor of 4905 and 9.
9
Calculate the highest common factor of 205 and 10.
5
What is the highest common factor of 54 and 252?
18
What is the highest common factor of 1625 and 195?
65
What is the highest common divisor of 1548 and 396?
36
What is the greatest common divisor of 9185 and 110?
55
Calculate the greatest common factor of 15 and 35.
5
Calculate the greatest